8*m - y. List the prime factors of m.
2, 3, 19
Let v be (-6)/(-4) + (-2 - (-637)/2). Suppose 11*c + v = 1132. List the prime factors of c.
2, 37
Let x(u) = 3*u + 48. Let j be x(-8). Suppose -17*n + 16*n = -j. What are the prime factors of n?
2, 3
Suppose 4*g - 2*l = 1284, 0 = -5*g - 4*l + 2170 - 565. Let q = 475 - g. List the prime factors of q.
2, 7, 11
Suppose 2*w - t - 471 = 0, -6*w + 10*w = 4*t + 944. What are the prime factors of w?
5, 47
Let c = -16 + 29. Let p = -11 + c. Suppose -4*q - 2 = -o, -p*o + q + 1 + 3 = 0. List the prime factors of o.
2
Suppose 0 = -3*v + 5*a - 13, 5*v - 2*a = 2 - 11. Let p be ((-5)/(-4))/(v/(-60)). Suppose 0 = x + 4*x - p. List the prime factors of x.
3, 5
Suppose 7*f = -2655 + 12014. What are the prime factors of f?
7, 191
Let c be (2/(-4))/((-2)/(-28)). Suppose -7*p + 58 = -75. Let y = p + c. What are the prime factors of y?
2, 3
Suppose 10*f - 9289 = -2*h + 11*f, 4*h + 2*f - 18566 = 0. List the prime factors of h.
4643
Let h = -28 + 20. Let t(a) = a**2 + 7*a - 3. Let o be t(h). Suppose -v = o*v - 120. List the prime factors of v.
2, 5
Let d(l) = 5*l**2 + 96*l - 2. List the prime factors of d(-23).
3, 5, 29
Suppose 2*f = 356 - 152. List the prime factors of f.
2, 3, 17
Let p(t) = 3*t + 14. Let o be p(-6). Let n be o/2*(-3)/2. What are the prime factors of 1 + n/(-3)*-12?
13
Let a(k) = 3*k + 11. Let j be a(-3). Suppose j*o - 10 = 7*o, -5*y + 120 = 5*o. List the prime factors of y.
2, 13
Let f(i) = -i**2 - i + 32. Let v be f(0). Let r = 26 - v. What are the prime factors of r*(-8)/12 + 40?
2, 11
Suppose -5*b + 2436 = 9*b. List the prime factors of b.
2, 3, 29
Let d(g) = 6 + 2 - 2 - 4 + 23*g. List the prime factors of d(2).
2, 3
Let d = -42 + 41. List the prime factors of (4/(-8))/(d - 1372/(-1376)).
2, 43
Let y be (-3 - -2)*2*-2. Let i = 49 - 18. Suppose -3*p - i = -3*n - p, y*n = 2*p + 38. List the prime factors of n.
7
Let g = 568 - 65. What are the prime factors of g?
503
Let m(x) = -x**3 + 34*x**2 + 31*x + 245. List the prime factors of m(31).
3, 29, 47
Let f(t) = -3*t**3 - 3*t**2 - t. Let v be f(-3). Suppose q + v = 154. What are the prime factors of q?
97
Let l(r) = 27*r**2 - 15*r**2 - 9*r**2 - 41*r**3 - 2. Let b be l(-1). Suppose 180 + b = 3*m. List the prime factors of m.
2, 37
What are the prime factors of (4/5)/(-17 - (-957714)/56335)?
2, 593
Let u(n) = n**3 + 9*n**2 - n. Let m be u(6). Suppose -4*j = j + 5*i - 930, 5*i = 3*j - m. List the prime factors of j.
3, 61
Let c = -67 - -163. Suppose 0*n - 2*n - 4*z + c = 0, -52 = -n - z. List the prime factors of n.
2, 7
Let v = -131 - -4432. What are the prime factors of v?
11, 17, 23
Suppose 2*f + 823 = p - 601, -8 = 4*f. What are the prime factors of p?
2, 5, 71
Let m = -1146 + 1787. What are the prime factors of m?
641
Let s = -334 + 605. What are the prime factors of s?
271
Let j(h) = -569*h + 35. What are the prime factors of j(-2)?
3, 17, 23
Let n(k) = -10*k**2 - 6*k**3 + k**3 + 7*k**2 - 7*k**3. List the prime factors of n(-2).
2, 3, 7
Let g be ((-30)/(-4))/5 - 12/8. Suppose 2*h - 5*h + 192 = g. List the prime factors of h.
2
Let x(h) be the second derivative of 10*h**3/3 + 5*h**2/2 - 6*h. List the prime factors of x(2).
3, 5
Let l(x) = 5*x**2 + 8*x + 18. Suppose 10 + 6 = -4*o. What are the prime factors of l(o)?
2, 3, 11
Let v(l) = l**3 + 2*l**2 + 13*l - 13. Let j be v(6). Let d = -198 + j. What are the prime factors of d?
5, 31
Suppose 0 = 12*d + 9*d - 132321. What are the prime factors of d?
6301
Let o(n) = 6 - 7 - n**2 + 4 - 11*n + 215*n**3 + 8*n. What are the prime factors of o(1)?
2, 107
Let v(o) = 23*o - 8. Let t be v(8). Let j = t - 48. What are the prime factors of j?
2
Let s(m) = -2*m**2 - 13*m - 6. Let c be s(-6). Let f be (3 - 26 - c)*5. List the prime factors of f/(-10)*(1 + 1).
23
Let y be 3*6/(-63) + (-32)/(-14). Suppose y*j - 7*j + 400 = 0. What are the prime factors of j?
2, 5
Suppose -w - 3*u + 802 = 0, -2*u + 4756 = 6*w + 2*u. List the prime factors of w.
2, 5, 79
Let u(y) = -y. Let w(v) = v**2 - 4*v. Let o(m) = -6*u(m) + w(m). List the prime factors of o(-6).
2, 3
Let d be 3 - (-7)/(14/102). Suppose -2*b - 38 = -4*p - 0*b, -d = -5*p - 4*b. List the prime factors of p.
2, 5
Suppose 6 - 14 = 2*i. Let m be -5 - -6*i/(-8). List the prime factors of m/11 + 466/22.
3, 7
Suppose 32 = 3*s - 2*i, -3*s + i + 58 = 2*s. Suppose -3*d + 62 = -4*j, 3*d - 4*d = 3*j - s. List the prime factors of d.
2, 3
Let i = 553 + -381. Let u be i/22 + 4/22. Suppose -44 = -2*l - u. What are the prime factors of l?
2, 3
Let m be (1 + 2)/((-3)/(-1)). Let u = 2 + m. Suppose -5*h + 142 = -4*t, 0 = -2*h + u*t - t + 58. List the prime factors of h.
2, 13
Let d(u) = 30*u - 32. List the prime factors of d(11).
2, 149
Let v be (0 + 1)*-19 + 5. Let k(x) = -8*x + 7. List the prime factors of k(v).
7, 17
Suppose 0 = -r - 3*q - 10, -2*r - 3*q + 5*q = -12. Let p be 4/r - (-9 + 1). Suppose -14*g + p*g + 64 = 0. What are the prime factors of g?
2
Let u = -174 + 178. Let w be 39/4 - (-1)/4. Suppose -u*a + 4*d + 144 = 0, 4*d + w + 11 = a. What are the prime factors of a?
41
Suppose 618 = 9*z - 2262. Let n = z + -152. What are the prime factors of n?
2, 3, 7
What are the prime factors of ((-1761)/(-6))/(2/4)?
587
Suppose 0 = -4*p - 5*z + 3, -p + 2*z = 1 - 5. Suppose 3*n - 309 = 3*w, 2*w = -2*n - p*w + 236. List the prime factors of n.
2, 3
Let c(z) = -3*z**2 + 16*z - 1. Let k be c(5). Suppose -w - 502 = -5*m + w, -m - k*w = -118. List the prime factors of m.
2, 3, 17
Let w(f) = 2*f - 16. Let d be w(8). Suppose -5*k + r = -1201 + 149, d = 3*k + 3*r - 624. List the prime factors of k.
2, 3, 5, 7
Let m(b) = b**2 + 4*b - 32. Let h be m(4). Suppose 5*z - 3*z + 6 = h, 4*z = 5*l - 782. List the prime factors of l.
2, 7, 11
Let q(m) = m**3 + 16*m**2 - 31*m + 38. What are the prime factors of q(12)?
2, 43
Suppose 0 = 5*y + 10, -5*y + 5 + 0 = 5*b. List the prime factors of b.
3
Suppose -m - 12 = -4*f, 4*f - 26 = -f + 4*m. Suppose -5*c + 2*q = -f*q - 356, 5*c - 3*q = 352. List the prime factors of c.
2, 17
Suppose 2*l - 418 = -l + 2*z, -2*z - 4 = 0. Let p = l + -78. List the prime factors of p.
2, 3, 5
Suppose 3*i = 2*w - 2126, 17*w - 19*w = 3*i - 2150. What are the prime factors of w?
1069
Let d = -77 + 82. Suppose -d*q = 6 - 96. What are the prime factors of q?
2, 3
Let z = 94 + -51. Suppose y + a = 18 - 7, z = 5*y + 2*a. Suppose -y = -b + 9. What are the prime factors of b?
2
Let u(a) = -8*a**3 - 3*a**2 - 8*a + 8. What are the prime factors of u(-4)?
2, 3, 7
Let f be (-9)/(-6) - (-170)/4. Suppose 2*h - f = -2*h. What are the prime factors of h?
11
Let v(j) = -j**2 + 15*j + 6. Let l be v(12). Suppose 0 = -4*c - 3*c + 91. Suppose 0 = 5*k - 2*n - l, 0 = -3*k + 5*k + 3*n - c. What are the prime factors of k?
2
Suppose 135*t - 121*t = 9310. List the prime factors of t.
5, 7, 19
Suppose -2*b = 2*v - 5*b - 333, -2*b - 336 = -2*v. Suppose -4*g + v = g + 4*i, -g + 2*i = -37. What are the prime factors of g?
5, 7
Let b(l) = 6*l - 25. What are the prime factors of b(17)?
7, 11
Let w be 2*(-1)/2 + (-24)/1. Let f be (-3 + 2 - 1) + -79. Let j = w - f. What are the prime factors of j?
2, 7
Let m(d) = d**3 + 7*d**2 - d - 9. Let w be m(-7). What are the prime factors of w/4 + 249/6?
41
Suppose -14896 = -4*d - 12*d. List the prime factors of d.
7, 19
Suppose 4*a - 10 = 22. Suppose 3*y - a = -2*h + 5, 2*h - y = 1. Suppose h*u + 2*o - 33 = u, 0 = -3*u + 5*o + 110. What are the prime factors of u?
5, 7
Let s be (-174)/9 + 12/(-18). Let h = s + 52. What are the prime factors of h?
2
Let v(h) = 5*h**2 - 32*h + 1. List the prime factors of v(-13).
2, 631
Suppose 23*i = 17*i + 2382. List the prime factors of i.
397
Let j be (1 - 12/20)/((-2)/(-10)). Suppose 8*r - j*r - 870 = 0. What are the prime factors of r?
5, 29
Suppose 2*f + 103 = 93. List the prime factors of 1/f + (1 - 2302/(-10)).
3, 7, 11
Suppose 2 = 2*g - 12. Let z = g - 0. What are the prime factors of (-25)/(-4) - z/28?
2, 3
List the prime factors of 6025/(-10)*(-36)/15.
2, 3, 241
Let d(o) = -4*o**2 - 4*o - 3. Let l(t) = -3*t**2 - 4*t - 2. Let w(x) = -5*d(x) + 6*l(x). Let k be w(2). List the prime factors of 25/(0 - (k + -4)).
5
Let a = 92 - 169. Let h = -43 - a. List the prime factors of h.
2, 17
Let x = 770 - 250. What are the prime factors o